*a = 4*r + 98704. List the prime factors of a.
3, 5, 7, 47
Let x = 3613 - 2162. Suppose 3*z - 5*h = -7*h + 1441, -4*h + x = 3*z. Suppose i - o = 70 + 169, -2*i + z = -3*o. List the prime factors of i.
2, 3, 5
Let g = -4611 + 4767. What are the prime factors of g?
2, 3, 13
Suppose -112685 = -4*q + 7*g, q = 4*q + 3*g - 84522. What are the prime factors of q?
3, 9391
What are the prime factors of ((-19138)/126*21)/((-1)/3)?
7, 1367
Let x(c) = c**3 + 10*c**2 - 25*c - 9. Let r be x(-12). Suppose -r*f - 82 + 269 = 5*i, 2*i + f = 74. List the prime factors of i.
5, 7
Suppose 3*t + t = 652. Let g = 882 - t. What are the prime factors of g?
719
Suppose 2*l = -3*z - z + 44, 0 = 5*z - 15. Let o be (-2 - -6)/l*4. List the prime factors of 605/5 + (o - 1).
11
Suppose 0*f - 2*u = 5*f - 53433, -42732 = -4*f + 2*u. List the prime factors of f.
5, 2137
Let y = 3094 + -2062. List the prime factors of -5 - (1 + y/(-6)).
2, 83
Suppose 0 = 3*x + 2*o - 9474, -71*o = -66*o - 30. List the prime factors of x.
2, 19, 83
Let z = -152 + 330. Let u = 275 - z. List the prime factors of u.
97
Let w(a) = -132 + 6*a + 399 - 4*a + 7*a. List the prime factors of w(-13).
2, 3, 5
List the prime factors of (10 + (-95)/10)/((-1)/(-8566)).
4283
Let x = 125 + -125. Suppose x = 2*b + 4*b - 72. Suppose b*o - o = 1606. What are the prime factors of o?
2, 73
Let s(p) = -2*p**2 + 2*p + 72. Let d be s(6). Let c(o) = 4*o**2 + 14*o - 14. What are the prime factors of c(d)?
2, 5, 73
Suppose 514840 = -96*j + 117*j - 756437. List the prime factors of j.
3, 17, 1187
Let v(o) = -1143*o + 473. List the prime factors of v(-3).
2, 1951
Let i = -246 - -257. Suppose 22952 = 30*o - i*o. List the prime factors of o.
2, 151
Let s(k) be the second derivative of -k**6/180 + 3*k**5/40 - 11*k**4/6 + 21*k. Let m(c) be the third derivative of s(c). What are the prime factors of m(-14)?
5, 13
Let r = -148 - -163. Suppose -p = 4*p - 15. List the prime factors of (p*(-3)/r)/(10/(-2950)).
3, 59
Suppose 4 = b + 9, 3*b = -2*i + 5. What are the prime factors of 2*i/(-10)*298/(-4)?
149
Let b = 2 - -1. Suppose 94 = -b*t - 86. Let n = t - -87. List the prime factors of n.
3
Let y = 7 - 17. Let r(w) = -1 - 26*w + 22 - 21*w + 48*w. List the prime factors of r(y).
11
Let o = -6057 - -14422. What are the prime factors of o?
5, 7, 239
Let c = 1 - -1. Let m(i) = -i + 11 - 5 - i**c - 2. List the prime factors of m(0).
2
Let w be ((-66)/12 + 5)*(1 - 11). Suppose w*g - g = 5*t - 799, 4*t + 4*g - 632 = 0. Suppose -4*l + t = -69. List the prime factors of l.
3, 19
Suppose -1376*r - 14 = -1378*r. Let n(o) = 33*o + 188. What are the prime factors of n(r)?
419
Let o(c) = 6*c + 82. Let x = 203 - 171. List the prime factors of o(x).
2, 137
Suppose 2*n = 60 + 60. Let l be n - (0/5 - 0). Suppose -3*w - 25 + 90 = -4*h, -3*h + l = 5*w. What are the prime factors of w?
3, 5
Let b = 109 + -70. Suppose -h + b = -5*n + 8, 0 = 4*h + 5*n + 1. What are the prime factors of 191/2 + 2/8*h?
97
Let t(g) = g**2 - 2*g + 2. Let i be t(2). Suppose -3*a = i*d - 445, 4*a = 5*d - d - 880. List the prime factors of d.
13, 17
Let l = 2486 - 708. What are the prime factors of l?
2, 7, 127
Suppose 20 = 5*s, 0 = -2*x - 6*s + 4*s - 3790. Let a = 3220 + x. Suppose 8*r - a - 295 = 0. List the prime factors of r.
2, 101
List the prime factors of (-24)/66 - 2460222/(-198).
5, 7, 71
Let m(j) = j**3 + 63*j**2 + 70*j + 333. What are the prime factors of m(-61)?
5, 701
Let y(o) = -5*o - 10. Let h be y(-4). Suppose -8652 - 38098 = -h*n. List the prime factors of n/68 + (-5)/(-4) + -1.
3, 23
Let r = 89 - -11. Suppose 15*d - 20*d + r = 0. List the prime factors of (-6)/9*d*-3.
2, 5
Suppose -378 = -0*p + 2*p - 2*l, -5*l = 3*p + 575. Let s be 6/21 - p/70. Suppose 0*u - 265 = -5*u - 4*w, -s*u = -5*w - 122. What are the prime factors of u?
7
What are the prime factors of 76/190 + 173283/5?
7, 4951
Suppose -2*a = -10 - 8. Suppose a*s = 2*s + 8442. Suppose s = 7*f + 2*f. What are the prime factors of f?
2, 67
Let b = 73074 + -41253. What are the prime factors of b?
3, 10607
Let j(q) = q**3 - 11*q**2 - 10*q - 19. Let m = -96 - -108. Let i be j(m). Suppose 0 = -3*z + z - i*g + 278, 0 = z - 4*g - 139. What are the prime factors of z?
139
Let w be (-40)/15*1*63/(-14). List the prime factors of 45/(-25)*(-20)/w + 994.
997
Let u(f) = -189*f + 2. Let c be u(-1). Suppose -c = -z + 33. List the prime factors of (-2)/(82/z + (-3)/7).
2
Let c(z) be the third derivative of -z**6/80 + 3*z**5/40 - z**4/3 - 21*z**2. Let n(o) be the second derivative of c(o). List the prime factors of n(-7).
2, 3
Let s be ((-21)/4)/((-1)/4). What are the prime factors of (-4542)/(-10) + s/(-105)?
2, 227
Let d be (-4)/(-1) + 216/(9 + -5). Let l = 341 - d. List the prime factors of l.
283
Let n(x) = 10*x + 20. Let d = 20 + -14. Suppose -6 = 5*y - d*y. List the prime factors of n(y).
2, 5
Suppose -40*s + 16 = -24*s. Let h(m) = 448*m**3 - 3*m**2 + 2*m - 1. What are the prime factors of h(s)?
2, 223
Let u = -3 - -10. Suppose u*y = 4*y. Suppose -d + 2*v + 59 = y, 230 - 47 = 3*d - 4*v. List the prime factors of d.
5, 13
Let h be (44/16)/11*2372. Suppose -2111 + 380 = -3*x - 3*g, x + 5*g = h. List the prime factors of x.
3, 191
Let a be ((-192)/(-8))/12*(1458 + -1). Let j = 4249 - a. What are the prime factors of j?
3, 5, 89
Let k be (2 - 2)/(30/30). Suppose -3*m = -k*m + w - 1929, -2*w - 650 = -m. List the prime factors of m.
2, 7, 23
Suppose -208524 = -4*w - 3*a, 3*w + 26613 - 183017 = -5*a. What are the prime factors of w?
2, 3, 181
Let p(x) = 65*x**2 - 7*x - 46. What are the prime factors of p(7)?
2, 3, 5, 103
Let z = 28 - 25. Suppose -3*o + 4*m + 2279 = -0*m, -2*o = -z*m - 1520. List the prime factors of o.
757
Suppose -20*b + 15*b = -10. Suppose -18*x = -23*x + 2*w + 584, -w - 233 = -b*x. What are the prime factors of x?
2, 59
Let z = -164 + 113. Let n = -90 - z. What are the prime factors of (-476)/(-6) + 52/n?
2, 3, 13
Let b(p) = p**3 - 22*p**2 - 13*p + 16. What are the prime factors of b(30)?
2, 3413
Let f be (-4)/(8 - (5 - -4)). Suppose -9*p = l - 5*p - 1052, 0 = f*l + 2*p - 4194. What are the prime factors of l?
2, 131
Suppose -4 = 4*i + 5*n, 28 = 6*i - 4*i - 5*n. Let k(z) = 273*z + 18. Let y be k(i). Suppose -6*w - 4*w + y = 0. List the prime factors of w.
3, 37
Suppose 480645 = 967*p - 934*p. What are the prime factors of p?
3, 5, 971
Let r = -2634 - -11437. List the prime factors of r.
8803
Suppose 0 = -21*p + 37*p - 15*p. Suppose 2*r - 75 + 10 = 5*n, -r + 5*n + 30 = p. List the prime factors of r.
5, 7
Let y(i) = -2*i**3 - 8*i**2 + 33*i + 5. Let l(m) = 16*m - 123. Let c be l(7). List the prime factors of y(c).
2, 167
Let n = 118 - 92. Suppose -745 = -n*s + 1361. List the prime factors of s.
3
Let u = 39 + 3. Let o = 45 - u. Suppose -z = -o*r - 6*z + 90, 5*r = 2*z + 150. List the prime factors of r.
2, 3, 5
Let h(a) = a**3 + 11*a**2 + 9*a. Suppose 2*r = -0*r + 5*p + 1, -5*r + 3*p - 26 = 0. Let n be h(r). Let q = n - 71. What are the prime factors of q?
2, 31
Let q(j) = 2 + 2 - 26*j - 73*j - 6*j. Let h be q(-2). Suppose 7*c - h = 31. What are the prime factors of c?
5, 7
Let v(k) = -8*k - 14. Let z be v(-2). List the prime factors of z + (15 - 7 - -259).
269
Suppose -v = -58 + 2. Let g = v + -86. Let m = g - -56. List the prime factors of m.
2, 13
Suppose -1025*j - 927864 = -1109*j. What are the prime factors of j?
2, 3, 7, 263
Let h = 13832 - 8712. What are the prime factors of h?
2, 5
Suppose -5*g - 3*w + 5395 = -25602, 3*w + 3 = 0. List the prime factors of g.
2, 5, 31
Suppose 0*h + 3*h = 21. Suppose 5*w - 4*l + 27 = -51, -2*l + 74 = -5*w. What are the prime factors of h*((-192)/w)/4?
2, 3
Let r(h) = -13*h**2 - 10*h + 16. Let x(q) = 12*q**2 + 10*q - 17. Let k(u) = -6*r(u) - 5*x(u). What are the prime factors of k(5)?
3, 163
Let d be 132/(-110) + (-32)/(-10). Suppose -d*y - 572 = -c - 0*c, 5*c + y - 2805 = 0. What are the prime factors of c?
2, 281
Suppose 7*c - 328 = 11*c. Let v = 221 + c. What are the prime factors of v?
139
Suppose 0 = 17*w - 5*w + 576. Let v = w - -45. What are the prime factors of (5 - 6)/(v/141)?
47
Suppose 2848 = 6*t - 2912. Suppose 0 = 13*p - 29*p + t. What are the prime factors of p?
2, 3, 5
Let y(d) = 23*d - 21. Let u(m) = 11*m - 10. Let x(r) = 5*u(r) - 2*y(r). Let o(a) = -